{"id":10,"date":"2022-11-21T14:17:50","date_gmt":"2022-11-21T14:17:50","guid":{"rendered":"https:\/\/bauherrenberatung24.de\/?page_id=10"},"modified":"2024-07-26T12:56:11","modified_gmt":"2024-07-26T12:56:11","slug":"web-bauleitung","status":"publish","type":"page","link":"https:\/\/bauherrenberatung24.de\/?page_id=10","title":{"rendered":"Web-Beratung24"},"content":{"rendered":"\n<p class=\"has-large-font-size\">Die fachlich qualifizierte und kompetente Beratung in allen Baubelangen f\u00fcr Bauherren.<\/p>\n\n\n\n<p class=\"has-large-font-size\"><strong><mark style=\"background-color:rgba(0, 0, 0, 0);color:#fd0404\" class=\"has-inline-color\">Bauen mit mir bedeutet:<\/mark><\/strong><\/p>\n\n\n\n<p class=\"has-medium-font-size\"><strong>Qualit\u00e4tssicherheit, Kostensicherheit, Plansicherheit und Kontrollsicherheit <\/strong><\/p>\n\n\n\n<p class=\"has-medium-font-size\">f<strong>\u00fcr den Bauherren!<\/strong><\/p>\n\n\n\n<figure class=\"wp-block-gallery has-nested-images columns-default is-cropped wp-block-gallery-1 is-layout-flex\">\n<figure class=\"wp-block-image size-large\"><img decoding=\"async\" loading=\"lazy\" width=\"1024\" height=\"724\" data-id=\"77\"  src=\"https:\/\/bauherrenberatung24.de\/wp-content\/uploads\/2022\/11\/406-Bus-199-bau-011-1024x724.jpg\" alt=\"\" class=\"wp-image-77\" srcset=\"https:\/\/bauherrenberatung24.de\/wp-content\/uploads\/2022\/11\/406-Bus-199-bau-011-1024x724.jpg 1024w, https:\/\/bauherrenberatung24.de\/wp-content\/uploads\/2022\/11\/406-Bus-199-bau-011-300x212.jpg 300w, https:\/\/bauherrenberatung24.de\/wp-content\/uploads\/2022\/11\/406-Bus-199-bau-011-768x543.jpg 768w, https:\/\/bauherrenberatung24.de\/wp-content\/uploads\/2022\/11\/406-Bus-199-bau-011.bmp 1199w\" sizes=\"(max-width: 1024px) 100vw, 1024px\" \/><\/figure>\n<\/figure>\n\n\n\n<p class=\"has-medium-font-size\">Hallo!<\/p>\n\n\n\n<p class=\"has-medium-font-size\">Hier stelle ich Ihnen mein neuestes Angebot vor, damit Sie Ihren Fachmann immer gleich bei sich haben!<\/p>\n\n\n\n<p class=\"has-text-color has-medium-font-size\" style=\"color:#fd0606\"><strong><mark style=\"background-color:rgba(0, 0, 0, 0);color:#f91508\" class=\"has-inline-color\"><em>Die Web-Bauberatung<\/em><\/mark><\/strong><\/p>\n\n\n\n<p class=\"has-medium-font-size\">Damit biete ich einen ganz besonderen <\/p>\n\n\n\n<p class=\"has-medium-font-size\"><mark style=\"background-color:rgba(0, 0, 0, 0);color:#fb0505\" class=\"has-inline-color\"><strong><em>Service f\u00fcr alle Bauherren<\/em><\/strong><\/mark>.<\/p>\n\n\n\n<p class=\"has-medium-font-size\">Egal, ob Sie in einer Baubesprechung, auf Ihrer Baustelle sind oder ob es Differenzen mit Ihren Handwerkern und Sonderfachleuten gibt.<\/p>\n\n\n\n<p class=\"has-text-color has-medium-font-size\" style=\"color:#fd0606\"><strong>Mich erreichen Sie 24 Stunden!<\/strong><\/p>\n\n\n\n<p class=\"has-black-color has-text-color has-medium-font-size\"><strong><mark style=\"background-color:rgba(0, 0, 0, 0)\" class=\"has-inline-color has-black-color\">So sind Sie <\/mark><mark style=\"background-color:rgba(0, 0, 0, 0);color:#fd0303\" class=\"has-inline-color\">niemals allein<\/mark><\/strong>, sind <strong><mark style=\"background-color:rgba(0, 0, 0, 0);color:#fd0404\" class=\"has-inline-color\">niemals unsicher<\/mark> <\/strong>und Sie wissen immer, wie es weiter geht, ob die Qualit\u00e4t stimmt und wie das Budget aussieht.<\/p>\n\n\n\n<p class=\"has-medium-font-size\">Buchen Sie ganz einfach bei mir die <strong>Web-Beratung<\/strong>, Einmalsitzung oder f\u00fcr die gesamte Bauzeit.<\/p>\n\n\n\n<p class=\"has-medium-font-size\"><strong><mark style=\"background-color:rgba(0, 0, 0, 0)\" class=\"has-inline-color has-vivid-red-color\">Und dies sind die Leistungen:<\/mark><\/strong><\/p>\n\n\n\n<p class=\"has-medium-font-size\"><mark style=\"background-color:rgba(0, 0, 0, 0)\" class=\"has-inline-color has-vivid-green-cyan-color\"><strong><em>Bei Problemen oder Fragen jeder Art <\/em><\/strong><\/mark><strong><em><mark style=\"background-color:rgba(0, 0, 0, 0)\" class=\"has-inline-color has-vivid-red-color\">-Ihrer Baustelle betreffend-<\/mark><\/em><\/strong><mark style=\"background-color:rgba(0, 0, 0, 0)\" class=\"has-inline-color has-vivid-green-cyan-color\"><strong><em> kontaktieren Sie mich einfach und ich helfe Ihnen sofort weiter.<\/em><\/strong><\/mark><\/p>\n\n\n\n<p><strong>Und so stellen Sie Kontakt zu mir her:<\/strong><\/p>\n\n\n\n<p class=\"has-medium-font-size\"><strong><mark style=\"background-color:rgba(0, 0, 0, 0);color:#fd0303\" class=\"has-inline-color\">Via E-Mail, Mobiltelefon, Zoom, WhatsApp oder FaceTime.<\/mark><\/strong><\/p>\n\n\n\n<p class=\"has-medium-font-size\"><mark style=\"background-color:rgba(0, 0, 0, 0)\" class=\"has-inline-color has-black-color\">Sie halten ganz einfach die Kamera auf das Problem und ich gebe Ihnen zuverl\u00e4ssige Anweisungen, wie zu verfahren ist.<\/mark><\/p>\n\n\n\n<p class=\"has-medium-font-size\">Ich stehe aber auch f\u00fcr Fragen aller Art zur Verf\u00fcgung.<\/p>\n\n\n\n<p class=\"has-medium-font-size\"><strong><mark style=\"background-color:rgba(0, 0, 0, 0)\" class=\"has-inline-color has-vivid-red-color\">So sparen Sie<\/mark><\/strong> lange Wege, lange Wartezeiten, l\u00f6sen Ihre Probleme stets umgehend oder erhalten sofort Antworten auf Ihre Fragen. <\/p>\n\n\n\n<p class=\"has-medium-font-size\">Alles Dinge, die zusammen <strong>Zeit, Geld und Aufregungen<\/strong> einsparen.<\/p>\n\n\n\n<p class=\"has-medium-font-size\">Gerne unterbreite ich Ihnen ein Angebot, welches auf Ihre Bed\u00fcrfnisse zugeschnitten ist.<\/p>\n\n\n\n<p class=\"has-medium-font-size\">Ich freue mich auf Ihre Anfrage.<\/p>\n\n\n\n<p class=\"has-medium-font-size\"><strong><mark style=\"background-color:rgba(0, 0, 0, 0)\" class=\"has-inline-color has-vivid-red-color\">Ihr Ronald Christ<\/mark><\/strong><\/p>\n\n\n\n<p class=\"has-medium-font-size\"><em><mark style=\"background-color:rgba(0, 0, 0, 0)\" class=\"has-inline-color has-vivid-green-cyan-color\">Bautechniker + Freier Gutachter<\/mark><\/em><\/p>\n\n\n\n<p class=\"has-medium-font-size\"><strong>Angebot anfordern:<\/strong> <strong><mark style=\"background-color:rgba(0, 0, 0, 0);color:#f70404\" class=\"has-inline-color\">webberatung@bauherrenberatung24.de<\/mark><\/strong>  <\/p>\n","protected":false},"excerpt":{"rendered":"<p>Die fachlich qualifizierte und kompetente Beratung in allen Baubelangen f\u00fcr Bauherren. Bauen mit mir bedeutet: Qualit\u00e4tssicherheit, Kostensicherheit, Plansicherheit und Kontrollsicherheit f\u00fcr den Bauherren! Hallo! Hier stelle ich Ihnen mein neuestes Angebot vor, damit Sie Ihren Fachmann immer gleich bei sich haben! Die Web-Bauberatung Damit biete ich einen ganz besonderen Service f\u00fcr alle Bauherren. Egal, ob <a href=\"https:\/\/bauherrenberatung24.de\/?page_id=10\" class=\"more-link\">&#8230;<\/a><\/p>\n","protected":false},"author":1,"featured_media":0,"parent":0,"menu_order":0,"comment_status":"closed","ping_status":"closed","template":"","meta":[],"_links":{"self":[{"href":"https:\/\/bauherrenberatung24.de\/index.php?rest_route=\/wp\/v2\/pages\/10"}],"collection":[{"href":"https:\/\/bauherrenberatung24.de\/index.php?rest_route=\/wp\/v2\/pages"}],"about":[{"href":"https:\/\/bauherrenberatung24.de\/index.php?rest_route=\/wp\/v2\/types\/page"}],"author":[{"embeddable":true,"href":"https:\/\/bauherrenberatung24.de\/index.php?rest_route=\/wp\/v2\/users\/1"}],"replies":[{"embeddable":true,"href":"https:\/\/bauherrenberatung24.de\/index.php?rest_route=%2Fwp%2Fv2%2Fcomments&post=10"}],"version-history":[{"count":8,"href":"https:\/\/bauherrenberatung24.de\/index.php?rest_route=\/wp\/v2\/pages\/10\/revisions"}],"predecessor-version":[{"id":246,"href":"https:\/\/bauherrenberatung24.de\/index.php?rest_route=\/wp\/v2\/pages\/10\/revisions\/246"}],"wp:attachment":[{"href":"https:\/\/bauherrenberatung24.de\/index.php?rest_route=%2Fwp%2Fv2%2Fmedia&parent=10"}],"curies":[{"name":"wp","href":"https:\/\/api.w.org\/{rel}","templated":true}]}}